{"id":248,"date":"2023-02-20T10:54:11","date_gmt":"2023-02-20T09:54:11","guid":{"rendered":"http:\/\/gregoryterrier.com\/?page_id=248"},"modified":"2023-02-20T11:07:26","modified_gmt":"2023-02-20T10:07:26","slug":"comment-lhypnose-peut-vous-aider","status":"publish","type":"page","link":"https:\/\/gregoryterrier.com\/?page_id=248","title":{"rendered":"Comment l&rsquo;hypnose peut vous aider"},"content":{"rendered":"<div class=\"wp-block-image\">\n<figure class=\"aligncenter size-full\"><img loading=\"lazy\" decoding=\"async\" width=\"593\" height=\"397\" src=\"https:\/\/gregoryterrier.com\/wp-content\/uploads\/2023\/02\/image-6.png\" alt=\"\" class=\"wp-image-249\" srcset=\"https:\/\/gregoryterrier.com\/wp-content\/uploads\/2023\/02\/image-6.png 593w, https:\/\/gregoryterrier.com\/wp-content\/uploads\/2023\/02\/image-6-300x201.png 300w\" sizes=\"auto, (max-width: 593px) 100vw, 593px\" \/><\/figure>\n<\/div>\n\n\n<p>L&rsquo;hypnose est un outil th\u00e9rapeutique qui peut \u00eatre b\u00e9n\u00e9fique pour aider \u00e0 r\u00e9soudre de nombreuses probl\u00e9matiques, qu&rsquo;elles soient li\u00e9es \u00e0 la sant\u00e9 physique ou mentale.<\/p>\n\n\n\n<p>Que vous souffriez de douleurs, que vous traversiez un deuil, que vous ayez des comportements col\u00e9riques ou invalidants, que vous ayez subi un traumatisme, que vous soyez anxieux, que vous ayez du mal \u00e0 g\u00e9rer le stress, que vous ayez des troubles du sommeil, que vous ayez des peurs, que vous souhaitiez arr\u00eater de fumer, perdre du poids, ou que vous <em>cherchiez<\/em> simplement \u00e0 \u00eatre en meilleure sant\u00e9, l&rsquo;hypnose peut vous aider \u00e0 atteindre vos objectifs.<\/p>\n\n\n\n<p>En acc\u00e9dant \u00e0 votre cerveau droit inconscient, qui est la partie \u00e9motionnelle de votre cerveau, l&rsquo;hypnose vous permet de modifier la fa\u00e7on dont votre inconscient interpr\u00e8te les \u00e9v\u00e9nements et de sugg\u00e9rer des changements que votre cerveau mettra en place de mani\u00e8re progressive. Vous avez en vous de nombreuses ressources que vous pouvez utiliser gr\u00e2ce \u00e0 l&rsquo;hypnose.<\/p>\n\n\n\n<p><\/p>\n<!-- AddThis Advanced Settings generic via filter on the_content --><!-- AddThis Share Buttons generic via filter on the_content -->","protected":false},"excerpt":{"rendered":"<p>L&rsquo;hypnose est un outil th\u00e9rapeutique qui peut \u00eatre b\u00e9n\u00e9fique pour aider \u00e0 r\u00e9soudre de nombreuses probl\u00e9matiques, qu&rsquo;elles soient li\u00e9es \u00e0 la sant\u00e9 physique ou mentale. Que vous souffriez de douleurs, que vous traversiez un deuil, que vous ayez des comportements col\u00e9riques ou invalidants, que vous ayez subi un traumatisme, que vous soyez anxieux, que vous &hellip; <\/p>\n<p class=\"link-more\"><a href=\"https:\/\/gregoryterrier.com\/?page_id=248\" class=\"more-link\">Continuer la lecture<span class=\"screen-reader-text\"> de &laquo;&nbsp;Comment l&rsquo;hypnose peut vous aider&nbsp;&raquo;<\/span><\/a><\/p>\n<p><!-- AddThis Advanced Settings generic via filter on get_the_excerpt --><!-- AddThis Share Buttons generic via filter on get_the_excerpt --><\/p>\n","protected":false},"author":1,"featured_media":0,"parent":0,"menu_order":0,"comment_status":"closed","ping_status":"closed","template":"","meta":{"footnotes":""},"class_list":["post-248","page","type-page","status-publish","hentry"],"_links":{"self":[{"href":"https:\/\/gregoryterrier.com\/index.php?rest_route=\/wp\/v2\/pages\/248","targetHints":{"allow":["GET"]}}],"collection":[{"href":"https:\/\/gregoryterrier.com\/index.php?rest_route=\/wp\/v2\/pages"}],"about":[{"href":"https:\/\/gregoryterrier.com\/index.php?rest_route=\/wp\/v2\/types\/page"}],"author":[{"embeddable":true,"href":"https:\/\/gregoryterrier.com\/index.php?rest_route=\/wp\/v2\/users\/1"}],"replies":[{"embeddable":true,"href":"https:\/\/gregoryterrier.com\/index.php?rest_route=%2Fwp%2Fv2%2Fcomments&post=248"}],"version-history":[{"count":2,"href":"https:\/\/gregoryterrier.com\/index.php?rest_route=\/wp\/v2\/pages\/248\/revisions"}],"predecessor-version":[{"id":254,"href":"https:\/\/gregoryterrier.com\/index.php?rest_route=\/wp\/v2\/pages\/248\/revisions\/254"}],"wp:attachment":[{"href":"https:\/\/gregoryterrier.com\/index.php?rest_route=%2Fwp%2Fv2%2Fmedia&parent=248"}],"curies":[{"name":"wp","href":"https:\/\/api.w.org\/{rel}","templated":true}]}}